{"version":"1.0","provider_name":"Intermedia Producciones","provider_url":"https:\/\/intermediaproducciones.com\/en","title":"19 y 20N 'Guillena1937' en Barcelona - Intermedia Producciones","type":"rich","width":600,"height":338,"html":"<blockquote class=\"wp-embedded-content\" data-secret=\"TpO1GhkS38\"><a href=\"https:\/\/intermediaproducciones.com\/en\/19-y-20n-guillena1937-en-barcelona-2\/\">19 y 20N &#8216;Guillena1937&#8217; en Barcelona<\/a><\/blockquote><iframe sandbox=\"allow-scripts\" security=\"restricted\" src=\"https:\/\/intermediaproducciones.com\/en\/19-y-20n-guillena1937-en-barcelona-2\/embed\/#?secret=TpO1GhkS38\" width=\"600\" height=\"338\" title=\"&#8220;19 y 20N &#8216;Guillena1937&#8217; en Barcelona&#8221; &#8212; Intermedia Producciones\" data-secret=\"TpO1GhkS38\" frameborder=\"0\" marginwidth=\"0\" marginheight=\"0\" scrolling=\"no\" class=\"wp-embedded-content\"><\/iframe><script type=\"text\/javascript\">\n\/* <![CDATA[ *\/\n\/*! This file is auto-generated *\/\n!function(d,l){\"use strict\";l.querySelector&&d.addEventListener&&\"undefined\"!=typeof URL&&(d.wp=d.wp||{},d.wp.receiveEmbedMessage||(d.wp.receiveEmbedMessage=function(e){var t=e.data;if((t||t.secret||t.message||t.value)&&!\/[^a-zA-Z0-9]\/.test(t.secret)){for(var s,r,n,a=l.querySelectorAll('iframe[data-secret=\"'+t.secret+'\"]'),o=l.querySelectorAll('blockquote[data-secret=\"'+t.secret+'\"]'),c=new RegExp(\"^https?:$\",\"i\"),i=0;i<o.length;i++)o[i].style.display=\"none\";for(i=0;i<a.length;i++)s=a[i],e.source===s.contentWindow&&(s.removeAttribute(\"style\"),\"height\"===t.message?(1e3<(r=parseInt(t.value,10))?r=1e3:~~r<200&&(r=200),s.height=r):\"link\"===t.message&&(r=new URL(s.getAttribute(\"src\")),n=new URL(t.value),c.test(n.protocol))&&n.host===r.host&&l.activeElement===s&&(d.top.location.href=t.value))}},d.addEventListener(\"message\",d.wp.receiveEmbedMessage,!1),l.addEventListener(\"DOMContentLoaded\",function(){for(var e,t,s=l.querySelectorAll(\"iframe.wp-embedded-content\"),r=0;r<s.length;r++)(t=(e=s[r]).getAttribute(\"data-secret\"))||(t=Math.random().toString(36).substring(2,12),e.src+=\"#?secret=\"+t,e.setAttribute(\"data-secret\",t)),e.contentWindow.postMessage({message:\"ready\",secret:t},\"*\")},!1)))}(window,document);\n\/* ]]> *\/\n<\/script>","description":"\u00a1Nos vamos a Barcelona con &#8216;Guillena1937&#8216;! La presentaci\u00f3n, organizada por el Memorial Democr\u00e0tic de la Generalitat de Catalu\u00f1a en colaboraci\u00f3n con Intermedia Producciones, correr\u00e1 a cargo de Miguel Paredes, productor del documental, Jordi Palou-Loverdos, director del Memorial Democr\u00e0tic, y la historiadora Queralt Sol\u00e9, que explicar\u00e1 el contexto hist\u00f3rico. Despu\u00e9s del documental habr\u00e1 un turno abierto [&hellip;]","thumbnail_url":"https:\/\/intermediaproducciones.com\/https:\/\/intermediaproducciones.com\/wp-content\/uploads\/2013\/11\/invitacionbarcelona.jpg"}

¡Nos vamos a Barcelona con &#8216;Guillena1937&#8216;! La presentación, organizada por el Memorial Democràtic de la Generalitat de Cataluña en colaboración con Intermedia Producciones, correrá a cargo de Miguel Paredes, productor del documental, Jordi Palou-Loverdos, director del Memorial Democràtic, y la historiadora Queralt Solé, que explicará el contexto histórico. Después del documental habrá un turno abierto [&hellip;]
