{"id":2500,"date":"2018-08-09T16:00:54","date_gmt":"2018-08-09T16:00:54","guid":{"rendered":"https:\/\/intermediaproducciones.com\/?post_type=product&#038;p=2500"},"modified":"2022-02-10T11:38:20","modified_gmt":"2022-02-10T11:38:20","slug":"guillena-1937","status":"publish","type":"product","link":"https:\/\/intermediaproducciones.com\/en\/product\/guillena-1937\/","title":{"rendered":"Guillena 1937"},"content":{"rendered":"<p>Documental<br \/>\nHD. 60\u2032. 2013<\/p>\n<p><strong>Director:<\/strong> Mariano Agudo<br \/>\n<strong>Executive production:<\/strong> Miguel Paredes<br \/>\n<strong>Script:<\/strong> Mariano Agudo<br \/>\n<strong>Sound:<\/strong> Dani de Zayas<\/p>\n<div style=\"padding: 56.25% 0 0 0; position: relative;\"><iframe style=\"position: absolute; top: 0; left: 0; width: 100%; height: 100%;\" src=\"https:\/\/player.vimeo.com\/video\/45975771\" frameborder=\"0\" allowfullscreen=\"allowfullscreen\"><\/iframe><\/div>\n<p><script src=\"https:\/\/player.vimeo.com\/api\/player.js\"><\/script><\/p>\n<p><strong>Synopsis:<\/strong> En septiembre de 1937, diecisiete mujeres de Guillena fueron sacadas de sus casas por orden de las autoridades sublevadas y llevadas a la celda del Ayuntamiento. Un mes m\u00e1s tarde, tras ser vejadas y humilladas p\u00fablicamente por las calles de su pueblo, ser\u00e1n fusiladas e inhumadas en el cementerio de Gerena, una localidad vecina. Tendr\u00e1n que pasar 75 a\u00f1os para que sus familiares logren comenzar la exhumaci\u00f3n de la fosa com\u00fan donde se agolpan sus restos. Este documental reflexiona sobre la utilizaci\u00f3n de la violencia sobre la mujer como arma de Guerra y la necesidad de los familiares de los desaparecidos de encontrar y dar sepultura a sus seres queridos.Documentary<br \/>\nHD. 60\u2032. 2013<\/p>\n<p><strong>Directed by:<\/strong> Mariano Agudo<br \/>\n<strong>Executive Producer:<\/strong> Miguel Paredes<br \/>\n<strong>Script:<\/strong> Mariano Agudo<br \/>\n<strong>Sound:<\/strong> Dani de Zayas<\/p>\n<div style=\"padding: 56.25% 0 0 0; position: relative;\"><iframe style=\"position: absolute; top: 0; left: 0; width: 100%; height: 100%;\" src=\"https:\/\/player.vimeo.com\/video\/45975771\" frameborder=\"0\" allowfullscreen=\"allowfullscreen\"><\/iframe><\/div>\n<p><script src=\"https:\/\/player.vimeo.com\/api\/player.js\"><\/script><\/p>\n<p><strong>Synopsis:<\/strong> In September 1937, seventeen women were taken from their homes by order of the rebel authorities and taken into a Town Hall cell. A month later, after being publicly harassed and humiliated in the streets of their village, they were executed and buried in the cemetery of Gerena, a nearby town. it will take their relatives 75 years to begin with the exhumation of the bodies, crowded together in a mass grave. This documentary reflects on the use of violence against women as a war weapon and the need for the families of the disappeared to find and bury their loved ones.<\/p>","protected":false},"excerpt":{"rendered":"<p>Documental HD. 60\u2032. 2013 Direcci\u00f3n: Mariano Agudo Producci\u00f3n ejecutiva: Miguel Paredes Gui\u00f3n: Mariano Agudo Sonido: Dani de Zayas Sinopsis: En septiembre de 1937, diecisiete mujeres de Guillena fueron sacadas de sus casas por orden de las autoridades sublevadas y llevadas a la celda del Ayuntamiento. Un mes m\u00e1s tarde, tras ser vejadas y humilladas p\u00fablicamente [&hellip;]<\/p>","protected":false},"featured_media":2547,"template":"","meta":{"_acf_changed":false},"product_brand":[],"product_cat":[422],"product_tag":[493,1699],"class_list":{"0":"post-2500","1":"product","2":"type-product","3":"status-publish","4":"has-post-thumbnail","6":"product_cat-productos","7":"product_tag-documental","8":"product_tag-guillena-1937","10":"first","11":"instock","12":"taxable","13":"shipping-taxable","14":"purchasable","15":"product-type-simple"},"acf":[],"yoast_head":"<!-- This site is optimized with the Yoast SEO plugin v25.3.1 - https:\/\/yoast.com\/wordpress\/plugins\/seo\/ -->\n<title>Guillena 1937 - Intermedia Producciones<\/title>\n<meta name=\"robots\" content=\"index, follow, max-snippet:-1, max-image-preview:large, max-video-preview:-1\" \/>\n<link rel=\"canonical\" href=\"https:\/\/intermediaproducciones.com\/en\/product\/guillena-1937\/\" \/>\n<meta property=\"og:locale\" content=\"en_GB\" \/>\n<meta property=\"og:type\" content=\"article\" \/>\n<meta property=\"og:title\" content=\"Guillena 1937 - Intermedia Producciones\" \/>\n<meta property=\"og:description\" content=\"Documental HD. 60\u2032. 2013 Direcci\u00f3n: Mariano Agudo Producci\u00f3n ejecutiva: Miguel Paredes Gui\u00f3n: Mariano Agudo Sonido: Dani de Zayas Sinopsis: En septiembre de 1937, diecisiete mujeres de Guillena fueron sacadas de sus casas por orden de las autoridades sublevadas y llevadas a la celda del Ayuntamiento. Un mes m\u00e1s tarde, tras ser vejadas y humilladas p\u00fablicamente [&hellip;]\" \/>\n<meta property=\"og:url\" content=\"https:\/\/intermediaproducciones.com\/en\/product\/guillena-1937\/\" \/>\n<meta property=\"og:site_name\" content=\"Intermedia Producciones\" \/>\n<meta property=\"article:publisher\" content=\"https:\/\/www.facebook.com\/ProductoraIntermediaProducciones\" \/>\n<meta property=\"article:modified_time\" content=\"2022-02-10T11:38:20+00:00\" \/>\n<meta property=\"og:image\" content=\"https:\/\/intermediaproducciones.com\/wp-content\/uploads\/2018\/08\/cartel_guillena1937.jpg\" \/>\n\t<meta property=\"og:image:width\" content=\"1228\" \/>\n\t<meta property=\"og:image:height\" content=\"1754\" \/>\n\t<meta property=\"og:image:type\" content=\"image\/jpeg\" \/>\n<meta name=\"twitter:card\" content=\"summary_large_image\" \/>\n<meta name=\"twitter:label1\" content=\"Estimated reading time\" \/>\n\t<meta name=\"twitter:data1\" content=\"1 minute\" \/>\n<script type=\"application\/ld+json\" class=\"yoast-schema-graph\">{\"@context\":\"https:\/\/schema.org\",\"@graph\":[{\"@type\":\"WebPage\",\"@id\":\"https:\/\/intermediaproducciones.com\/en\/product\/guillena-1937\/\",\"url\":\"https:\/\/intermediaproducciones.com\/en\/product\/guillena-1937\/\",\"name\":\"Guillena 1937 - Intermedia Producciones\",\"isPartOf\":{\"@id\":\"https:\/\/intermediaproducciones.com\/#website\"},\"primaryImageOfPage\":{\"@id\":\"https:\/\/intermediaproducciones.com\/en\/product\/guillena-1937\/#primaryimage\"},\"image\":{\"@id\":\"https:\/\/intermediaproducciones.com\/en\/product\/guillena-1937\/#primaryimage\"},\"thumbnailUrl\":\"https:\/\/intermediaproducciones.com\/wp-content\/uploads\/2018\/08\/cartel_guillena1937.jpg\",\"datePublished\":\"2018-08-09T16:00:54+00:00\",\"dateModified\":\"2022-02-10T11:38:20+00:00\",\"breadcrumb\":{\"@id\":\"https:\/\/intermediaproducciones.com\/en\/product\/guillena-1937\/#breadcrumb\"},\"inLanguage\":\"en-GB\",\"potentialAction\":[{\"@type\":\"ReadAction\",\"target\":[\"https:\/\/intermediaproducciones.com\/en\/product\/guillena-1937\/\"]}]},{\"@type\":\"ImageObject\",\"inLanguage\":\"en-GB\",\"@id\":\"https:\/\/intermediaproducciones.com\/en\/product\/guillena-1937\/#primaryimage\",\"url\":\"https:\/\/intermediaproducciones.com\/wp-content\/uploads\/2018\/08\/cartel_guillena1937.jpg\",\"contentUrl\":\"https:\/\/intermediaproducciones.com\/wp-content\/uploads\/2018\/08\/cartel_guillena1937.jpg\",\"width\":1228,\"height\":1754},{\"@type\":\"BreadcrumbList\",\"@id\":\"https:\/\/intermediaproducciones.com\/en\/product\/guillena-1937\/#breadcrumb\",\"itemListElement\":[{\"@type\":\"ListItem\",\"position\":1,\"name\":\"Portada\",\"item\":\"https:\/\/intermediaproducciones.com\/\"},{\"@type\":\"ListItem\",\"position\":2,\"name\":\"Tienda\",\"item\":\"https:\/\/intermediaproducciones.com\/en\/tienda\/\"},{\"@type\":\"ListItem\",\"position\":3,\"name\":\"Guillena 1937\"}]},{\"@type\":\"WebSite\",\"@id\":\"https:\/\/intermediaproducciones.com\/#website\",\"url\":\"https:\/\/intermediaproducciones.com\/\",\"name\":\"Intermedia Producciones\",\"description\":\"Miradas, Visiones y Realidades\",\"publisher\":{\"@id\":\"https:\/\/intermediaproducciones.com\/#organization\"},\"potentialAction\":[{\"@type\":\"SearchAction\",\"target\":{\"@type\":\"EntryPoint\",\"urlTemplate\":\"https:\/\/intermediaproducciones.com\/?s={search_term_string}\"},\"query-input\":{\"@type\":\"PropertyValueSpecification\",\"valueRequired\":true,\"valueName\":\"search_term_string\"}}],\"inLanguage\":\"en-GB\"},{\"@type\":\"Organization\",\"@id\":\"https:\/\/intermediaproducciones.com\/#organization\",\"name\":\"Intermedia Producciones\",\"url\":\"https:\/\/intermediaproducciones.com\/\",\"logo\":{\"@type\":\"ImageObject\",\"inLanguage\":\"en-GB\",\"@id\":\"https:\/\/intermediaproducciones.com\/#\/schema\/logo\/image\/\",\"url\":\"https:\/\/intermediaproducciones.com\/wp-content\/uploads\/2019\/02\/logo_intermedia.png\",\"contentUrl\":\"https:\/\/intermediaproducciones.com\/wp-content\/uploads\/2019\/02\/logo_intermedia.png\",\"width\":199,\"height\":216,\"caption\":\"Intermedia Producciones\"},\"image\":{\"@id\":\"https:\/\/intermediaproducciones.com\/#\/schema\/logo\/image\/\"},\"sameAs\":[\"https:\/\/www.facebook.com\/ProductoraIntermediaProducciones\",\"https:\/\/vimeo.com\/intermedia\",\"https:\/\/www.youtube.com\/user\/IntermediaProd\",\"https:\/\/www.instagram.com\/intermediaproducciones\/\",\"https:\/\/www.linkedin.com\/company\/intermedia-producciones\/\"]}]}<\/script>\n<!-- \/ Yoast SEO plugin. -->","yoast_head_json":{"title":"Guillena 1937 - Intermedia Producciones","robots":{"index":"index","follow":"follow","max-snippet":"max-snippet:-1","max-image-preview":"max-image-preview:large","max-video-preview":"max-video-preview:-1"},"canonical":"https:\/\/intermediaproducciones.com\/en\/product\/guillena-1937\/","og_locale":"en_GB","og_type":"article","og_title":"Guillena 1937 - Intermedia Producciones","og_description":"Documental HD. 60\u2032. 2013 Direcci\u00f3n: Mariano Agudo Producci\u00f3n ejecutiva: Miguel Paredes Gui\u00f3n: Mariano Agudo Sonido: Dani de Zayas Sinopsis: En septiembre de 1937, diecisiete mujeres de Guillena fueron sacadas de sus casas por orden de las autoridades sublevadas y llevadas a la celda del Ayuntamiento. Un mes m\u00e1s tarde, tras ser vejadas y humilladas p\u00fablicamente [&hellip;]","og_url":"https:\/\/intermediaproducciones.com\/en\/product\/guillena-1937\/","og_site_name":"Intermedia Producciones","article_publisher":"https:\/\/www.facebook.com\/ProductoraIntermediaProducciones","article_modified_time":"2022-02-10T11:38:20+00:00","og_image":[{"width":1228,"height":1754,"url":"https:\/\/intermediaproducciones.com\/wp-content\/uploads\/2018\/08\/cartel_guillena1937.jpg","type":"image\/jpeg"}],"twitter_card":"summary_large_image","twitter_misc":{"Estimated reading time":"1 minute"},"schema":{"@context":"https:\/\/schema.org","@graph":[{"@type":"WebPage","@id":"https:\/\/intermediaproducciones.com\/en\/product\/guillena-1937\/","url":"https:\/\/intermediaproducciones.com\/en\/product\/guillena-1937\/","name":"Guillena 1937 - Intermedia Producciones","isPartOf":{"@id":"https:\/\/intermediaproducciones.com\/#website"},"primaryImageOfPage":{"@id":"https:\/\/intermediaproducciones.com\/en\/product\/guillena-1937\/#primaryimage"},"image":{"@id":"https:\/\/intermediaproducciones.com\/en\/product\/guillena-1937\/#primaryimage"},"thumbnailUrl":"https:\/\/intermediaproducciones.com\/wp-content\/uploads\/2018\/08\/cartel_guillena1937.jpg","datePublished":"2018-08-09T16:00:54+00:00","dateModified":"2022-02-10T11:38:20+00:00","breadcrumb":{"@id":"https:\/\/intermediaproducciones.com\/en\/product\/guillena-1937\/#breadcrumb"},"inLanguage":"en-GB","potentialAction":[{"@type":"ReadAction","target":["https:\/\/intermediaproducciones.com\/en\/product\/guillena-1937\/"]}]},{"@type":"ImageObject","inLanguage":"en-GB","@id":"https:\/\/intermediaproducciones.com\/en\/product\/guillena-1937\/#primaryimage","url":"https:\/\/intermediaproducciones.com\/wp-content\/uploads\/2018\/08\/cartel_guillena1937.jpg","contentUrl":"https:\/\/intermediaproducciones.com\/wp-content\/uploads\/2018\/08\/cartel_guillena1937.jpg","width":1228,"height":1754},{"@type":"BreadcrumbList","@id":"https:\/\/intermediaproducciones.com\/en\/product\/guillena-1937\/#breadcrumb","itemListElement":[{"@type":"ListItem","position":1,"name":"Portada","item":"https:\/\/intermediaproducciones.com\/"},{"@type":"ListItem","position":2,"name":"Tienda","item":"https:\/\/intermediaproducciones.com\/en\/tienda\/"},{"@type":"ListItem","position":3,"name":"Guillena 1937"}]},{"@type":"WebSite","@id":"https:\/\/intermediaproducciones.com\/#website","url":"https:\/\/intermediaproducciones.com\/","name":"Intermedia Producciones","description":"Miradas, Visiones y Realidades","publisher":{"@id":"https:\/\/intermediaproducciones.com\/#organization"},"potentialAction":[{"@type":"SearchAction","target":{"@type":"EntryPoint","urlTemplate":"https:\/\/intermediaproducciones.com\/?s={search_term_string}"},"query-input":{"@type":"PropertyValueSpecification","valueRequired":true,"valueName":"search_term_string"}}],"inLanguage":"en-GB"},{"@type":"Organization","@id":"https:\/\/intermediaproducciones.com\/#organization","name":"Intermedia Producciones","url":"https:\/\/intermediaproducciones.com\/","logo":{"@type":"ImageObject","inLanguage":"en-GB","@id":"https:\/\/intermediaproducciones.com\/#\/schema\/logo\/image\/","url":"https:\/\/intermediaproducciones.com\/wp-content\/uploads\/2019\/02\/logo_intermedia.png","contentUrl":"https:\/\/intermediaproducciones.com\/wp-content\/uploads\/2019\/02\/logo_intermedia.png","width":199,"height":216,"caption":"Intermedia Producciones"},"image":{"@id":"https:\/\/intermediaproducciones.com\/#\/schema\/logo\/image\/"},"sameAs":["https:\/\/www.facebook.com\/ProductoraIntermediaProducciones","https:\/\/vimeo.com\/intermedia","https:\/\/www.youtube.com\/user\/IntermediaProd","https:\/\/www.instagram.com\/intermediaproducciones\/","https:\/\/www.linkedin.com\/company\/intermedia-producciones\/"]}]}},"_links":{"self":[{"href":"https:\/\/intermediaproducciones.com\/en\/wp-json\/wp\/v2\/product\/2500","targetHints":{"allow":["GET"]}}],"collection":[{"href":"https:\/\/intermediaproducciones.com\/en\/wp-json\/wp\/v2\/product"}],"about":[{"href":"https:\/\/intermediaproducciones.com\/en\/wp-json\/wp\/v2\/types\/product"}],"wp:featuredmedia":[{"embeddable":true,"href":"https:\/\/intermediaproducciones.com\/en\/wp-json\/wp\/v2\/media\/2547"}],"wp:attachment":[{"href":"https:\/\/intermediaproducciones.com\/en\/wp-json\/wp\/v2\/media?parent=2500"}],"wp:term":[{"taxonomy":"product_brand","embeddable":true,"href":"https:\/\/intermediaproducciones.com\/en\/wp-json\/wp\/v2\/product_brand?post=2500"},{"taxonomy":"product_cat","embeddable":true,"href":"https:\/\/intermediaproducciones.com\/en\/wp-json\/wp\/v2\/product_cat?post=2500"},{"taxonomy":"product_tag","embeddable":true,"href":"https:\/\/intermediaproducciones.com\/en\/wp-json\/wp\/v2\/product_tag?post=2500"}],"curies":[{"name":"wp","href":"https:\/\/api.w.org\/{rel}","templated":true}]}}

<p>Documental<br />
HD. 60′. 2013</p>
<p><strong>Director:</strong> Mariano Agudo<br />
<strong>Executive production:</strong> Miguel Paredes<br />
<strong>Script:</strong> Mariano Agudo<br />
<strong>Sound:</strong> Dani de Zayas</p>
<div style="padding: 56.25% 0 0 0; position: relative;"><iframe style="position: absolute; top: 0; left: 0; width: 100%; height: 100%;" src="https://player.vimeo.com/video/45975771" frameborder="0" allowfullscreen="allowfullscreen"></iframe></div>
<p><script src="https://player.vimeo.com/api/player.js"></script></p>
<p><strong>Synopsis:</strong> En septiembre de 1937, diecisiete mujeres de Guillena fueron sacadas de sus casas por orden de las autoridades sublevadas y llevadas a la celda del Ayuntamiento. Un mes más tarde, tras ser vejadas y humilladas públicamente por las calles de su pueblo, serán fusiladas e inhumadas en el cementerio de Gerena, una localidad vecina. Tendrán que pasar 75 años para que sus familiares logren comenzar la exhumación de la fosa común donde se agolpan sus restos. Este documental reflexiona sobre la utilización de la violencia sobre la mujer como arma de Guerra y la necesidad de los familiares de los desaparecidos de encontrar y dar sepultura a sus seres queridos.Documentary<br />
HD. 60′. 2013</p>
<p><strong>Directed by:</strong> Mariano Agudo<br />
<strong>Executive Producer:</strong> Miguel Paredes<br />
<strong>Script:</strong> Mariano Agudo<br />
<strong>Sound:</strong> Dani de Zayas</p>
<div style="padding: 56.25% 0 0 0; position: relative;"><iframe style="position: absolute; top: 0; left: 0; width: 100%; height: 100%;" src="https://player.vimeo.com/video/45975771" frameborder="0" allowfullscreen="allowfullscreen"></iframe></div>
<p><script src="https://player.vimeo.com/api/player.js"></script></p>
<p><strong>Synopsis:</strong> In September 1937, seventeen women were taken from their homes by order of the rebel authorities and taken into a Town Hall cell. A month later, after being publicly harassed and humiliated in the streets of their village, they were executed and buried in the cemetery of Gerena, a nearby town. it will take their relatives 75 years to begin with the exhumation of the bodies, crowded together in a mass grave. This documentary reflects on the use of violence against women as a war weapon and the need for the families of the disappeared to find and bury their loved ones.</p>

<p>Documental HD. 60′. 2013 Dirección: Mariano Agudo Producción ejecutiva: Miguel Paredes Guión: Mariano Agudo Sonido: Dani de Zayas Sinopsis: En septiembre de 1937, diecisiete mujeres de Guillena fueron sacadas de sus casas por orden de las autoridades sublevadas y llevadas a la celda del Ayuntamiento. Un mes más tarde, tras ser vejadas y humilladas públicamente [&hellip;]</p>

<!-- This site is optimized with the Yoast SEO plugin v25.3.1 - https://yoast.com/wordpress/plugins/seo/ -->
<title>Guillena 1937 - Intermedia Producciones</title>
<meta name="robots" content="index, follow, max-snippet:-1, max-image-preview:large, max-video-preview:-1" />
<link rel="canonical" href="https://intermediaproducciones.com/en/product/guillena-1937/" />
<meta property="og:locale" content="en_GB" />
<meta property="og:type" content="article" />
<meta property="og:title" content="Guillena 1937 - Intermedia Producciones" />
<meta property="og:description" content="Documental HD. 60′. 2013 Dirección: Mariano Agudo Producción ejecutiva: Miguel Paredes Guión: Mariano Agudo Sonido: Dani de Zayas Sinopsis: En septiembre de 1937, diecisiete mujeres de Guillena fueron sacadas de sus casas por orden de las autoridades sublevadas y llevadas a la celda del Ayuntamiento. Un mes más tarde, tras ser vejadas y humilladas públicamente [&hellip;]" />
<meta property="og:url" content="https://intermediaproducciones.com/en/product/guillena-1937/" />
<meta property="og:site_name" content="Intermedia Producciones" />
<meta property="article:publisher" content="https://www.facebook.com/ProductoraIntermediaProducciones" />
<meta property="article:modified_time" content="2022-02-10T11:38:20+00:00" />
<meta property="og:image" content="https://intermediaproducciones.com/wp-content/uploads/2018/08/cartel_guillena1937.jpg" />
	<meta property="og:image:width" content="1228" />
	<meta property="og:image:height" content="1754" />
	<meta property="og:image:type" content="image/jpeg" />
<meta name="twitter:card" content="summary_large_image" />
<meta name="twitter:label1" content="Estimated reading time" />
	<meta name="twitter:data1" content="1 minute" />
<script type="application/ld+json" class="yoast-schema-graph">{"@context":"https://schema.org","@graph":[{"@type":"WebPage","@id":"https://intermediaproducciones.com/en/product/guillena-1937/","url":"https://intermediaproducciones.com/en/product/guillena-1937/","name":"Guillena 1937 - Intermedia Producciones","isPartOf":{"@id":"https://intermediaproducciones.com/#website"},"primaryImageOfPage":{"@id":"https://intermediaproducciones.com/en/product/guillena-1937/#primaryimage"},"image":{"@id":"https://intermediaproducciones.com/en/product/guillena-1937/#primaryimage"},"thumbnailUrl":"https://intermediaproducciones.com/wp-content/uploads/2018/08/cartel_guillena1937.jpg","datePublished":"2018-08-09T16:00:54+00:00","dateModified":"2022-02-10T11:38:20+00:00","breadcrumb":{"@id":"https://intermediaproducciones.com/en/product/guillena-1937/#breadcrumb"},"inLanguage":"en-GB","potentialAction":[{"@type":"ReadAction","target":["https://intermediaproducciones.com/en/product/guillena-1937/"]}]},{"@type":"ImageObject","inLanguage":"en-GB","@id":"https://intermediaproducciones.com/en/product/guillena-1937/#primaryimage","url":"https://intermediaproducciones.com/wp-content/uploads/2018/08/cartel_guillena1937.jpg","contentUrl":"https://intermediaproducciones.com/wp-content/uploads/2018/08/cartel_guillena1937.jpg","width":1228,"height":1754},{"@type":"BreadcrumbList","@id":"https://intermediaproducciones.com/en/product/guillena-1937/#breadcrumb","itemListElement":[{"@type":"ListItem","position":1,"name":"Portada","item":"https://intermediaproducciones.com/"},{"@type":"ListItem","position":2,"name":"Tienda","item":"https://intermediaproducciones.com/en/tienda/"},{"@type":"ListItem","position":3,"name":"Guillena 1937"}]},{"@type":"WebSite","@id":"https://intermediaproducciones.com/#website","url":"https://intermediaproducciones.com/","name":"Intermedia Producciones","description":"Miradas, Visiones y Realidades","publisher":{"@id":"https://intermediaproducciones.com/#organization"},"potentialAction":[{"@type":"SearchAction","target":{"@type":"EntryPoint","urlTemplate":"https://intermediaproducciones.com/?s={search_term_string}"},"query-input":{"@type":"PropertyValueSpecification","valueRequired":true,"valueName":"search_term_string"}}],"inLanguage":"en-GB"},{"@type":"Organization","@id":"https://intermediaproducciones.com/#organization","name":"Intermedia Producciones","url":"https://intermediaproducciones.com/","logo":{"@type":"ImageObject","inLanguage":"en-GB","@id":"https://intermediaproducciones.com/#/schema/logo/image/","url":"https://intermediaproducciones.com/wp-content/uploads/2019/02/logo_intermedia.png","contentUrl":"https://intermediaproducciones.com/wp-content/uploads/2019/02/logo_intermedia.png","width":199,"height":216,"caption":"Intermedia Producciones"},"image":{"@id":"https://intermediaproducciones.com/#/schema/logo/image/"},"sameAs":["https://www.facebook.com/ProductoraIntermediaProducciones","https://vimeo.com/intermedia","https://www.youtube.com/user/IntermediaProd","https://www.instagram.com/intermediaproducciones/","https://www.linkedin.com/company/intermedia-producciones/"]}]}</script>
<!-- / Yoast SEO plugin. -->

Documental HD. 60′. 2013 Dirección: Mariano Agudo Producción ejecutiva: Miguel Paredes Guión: Mariano Agudo Sonido: Dani de Zayas Sinopsis: En septiembre de 1937, diecisiete mujeres de Guillena fueron sacadas de sus casas por orden de las autoridades sublevadas y llevadas a la celda del Ayuntamiento. Un mes más tarde, tras ser vejadas y humilladas públicamente [&hellip;]
