{"id":2502,"date":"2018-08-09T16:05:25","date_gmt":"2018-08-09T16:05:25","guid":{"rendered":"https:\/\/intermediaproducciones.com\/?post_type=product&#038;p=2502"},"modified":"2022-02-10T11:38:16","modified_gmt":"2022-02-10T11:38:16","slug":"memoria-de-las-cenizas","status":"publish","type":"product","link":"https:\/\/intermediaproducciones.com\/en\/product\/memoria-de-las-cenizas\/","title":{"rendered":"Memory of ashes"},"content":{"rendered":"<p>Documental<br \/>\nHD. 60\u2032. 2012<\/p>\n<p><strong>Director:<\/strong>\u00a0Eduardo Montero<br \/>\n<strong>Executive production:<\/strong>\u00a0Mariano Agudo<br \/>\n<strong>Script:<\/strong>\u00a0\u00c1ngel del R\u00ed\u00ado y Eduardo Montero<\/p>\n<div style=\"padding: 56.25% 0 0 0; position: relative;\"><iframe style=\"position: absolute; top: 0; left: 0; width: 100%; height: 100%;\" src=\"https:\/\/player.vimeo.com\/video\/16551029\" frameborder=\"0\" allowfullscreen=\"allowfullscreen\"><\/iframe><\/div>\n<p><script src=\"https:\/\/player.vimeo.com\/api\/player.js\"><\/script><\/p>\n<p><strong>Synopsis:<\/strong>\u00a0M\u00e1s de 1.500 andaluces fueron apresados en los campos de concentraci\u00f3n nazis durante los a\u00f1os de la II Guerra Mundial. Un millar dejaron sus vidas en aquellos recintos del horror, ideados para degradar la condici\u00f3n humana hasta las cotas m\u00e1s inimaginables. Los supervivientes hicieron un juramento: dedicar sus vidas a recordar y honrar la memoria de los millones de seres humanos asesinados en estos campos.Documentary<br \/>\nHD. 60\u2032. 2012<\/p>\n<p><strong>Directed by:<\/strong>\u00a0Eduardo Montero<br \/>\n<strong>Executive producer:<\/strong>\u00a0Mariano Agudo<br \/>\n<strong>Script:<\/strong>\u00a0\u00c1ngel del R\u00ed\u00ado y Eduardo Montero<\/p>\n<p><iframe loading=\"lazy\" src=\"https:\/\/player.vimeo.com\/video\/16551029\" width=\"100%\" height=\"300\" frameborder=\"0\" allowfullscreen=\"allowfullscreen\"><\/iframe><\/p>\n<p><strong>Synopsis:<\/strong>\u00a0More than 1.500 andalusians were captured in Nazi\u2019s prisons camp during the years of World War II. A thousand lost their lives in those halls of horror, designed to degrade the human condition to the most unimaginable levels. Survivors swore they will devote their lives to remember and honor the memory of the millions of human beings killed in these camps.<\/p>","protected":false},"excerpt":{"rendered":"<p>Documental HD. 60\u2032. 2012 Direcci\u00f3n:\u00a0Eduardo Montero Producci\u00f3n ejecutiva:\u00a0Mariano Agudo Gui\u00f3n:\u00a0\u00c1ngel del R\u00ed\u00ado y Eduardo Montero Sinopsis:\u00a0M\u00e1s de 1.500 andaluces fueron apresados en los campos de concentraci\u00f3n nazis durante los a\u00f1os de la II Guerra Mundial. Un millar dejaron sus vidas en aquellos recintos del horror, ideados para degradar la condici\u00f3n humana hasta las cotas m\u00e1s [&hellip;]<\/p>","protected":false},"featured_media":2503,"template":"","meta":{"_acf_changed":false},"product_brand":[],"product_cat":[422],"product_tag":[493,1718],"class_list":{"0":"post-2502","1":"product","2":"type-product","3":"status-publish","4":"has-post-thumbnail","6":"product_cat-productos","7":"product_tag-documental","8":"product_tag-memoria-de-las-cenizas","10":"first","11":"instock","12":"taxable","13":"shipping-taxable","14":"purchasable","15":"product-type-simple"},"acf":[],"yoast_head":"<!-- This site is optimized with the Yoast SEO plugin v25.3.1 - https:\/\/yoast.com\/wordpress\/plugins\/seo\/ -->\n<title>Memoria de las Cenizas - Intermedia Producciones<\/title>\n<meta name=\"robots\" content=\"index, follow, max-snippet:-1, max-image-preview:large, max-video-preview:-1\" \/>\n<link rel=\"canonical\" href=\"https:\/\/intermediaproducciones.com\/en\/product\/memoria-de-las-cenizas\/\" \/>\n<meta property=\"og:locale\" content=\"en_GB\" \/>\n<meta property=\"og:type\" content=\"article\" \/>\n<meta property=\"og:title\" content=\"Memoria de las Cenizas - Intermedia Producciones\" \/>\n<meta property=\"og:description\" content=\"Documental HD. 60\u2032. 2012 Direcci\u00f3n:\u00a0Eduardo Montero Producci\u00f3n ejecutiva:\u00a0Mariano Agudo Gui\u00f3n:\u00a0\u00c1ngel del R\u00ed\u00ado y Eduardo Montero Sinopsis:\u00a0M\u00e1s de 1.500 andaluces fueron apresados en los campos de concentraci\u00f3n nazis durante los a\u00f1os de la II Guerra Mundial. Un millar dejaron sus vidas en aquellos recintos del horror, ideados para degradar la condici\u00f3n humana hasta las cotas m\u00e1s [&hellip;]\" \/>\n<meta property=\"og:url\" content=\"https:\/\/intermediaproducciones.com\/en\/product\/memoria-de-las-cenizas\/\" \/>\n<meta property=\"og:site_name\" content=\"Intermedia Producciones\" \/>\n<meta property=\"article:publisher\" content=\"https:\/\/www.facebook.com\/ProductoraIntermediaProducciones\" \/>\n<meta property=\"article:modified_time\" content=\"2022-02-10T11:38:16+00:00\" \/>\n<meta property=\"og:image\" content=\"https:\/\/intermediaproducciones.com\/wp-content\/uploads\/2018\/08\/memoria_cenizas.png\" \/>\n\t<meta property=\"og:image:width\" content=\"669\" \/>\n\t<meta property=\"og:image:height\" content=\"942\" \/>\n\t<meta property=\"og:image:type\" content=\"image\/png\" \/>\n<meta name=\"twitter:card\" content=\"summary_large_image\" \/>\n<meta name=\"twitter:label1\" content=\"Estimated reading time\" \/>\n\t<meta name=\"twitter:data1\" content=\"1 minute\" \/>\n<script type=\"application\/ld+json\" class=\"yoast-schema-graph\">{\"@context\":\"https:\/\/schema.org\",\"@graph\":[{\"@type\":\"WebPage\",\"@id\":\"https:\/\/intermediaproducciones.com\/en\/product\/memoria-de-las-cenizas\/\",\"url\":\"https:\/\/intermediaproducciones.com\/en\/product\/memoria-de-las-cenizas\/\",\"name\":\"Memoria de las Cenizas - Intermedia Producciones\",\"isPartOf\":{\"@id\":\"https:\/\/intermediaproducciones.com\/#website\"},\"primaryImageOfPage\":{\"@id\":\"https:\/\/intermediaproducciones.com\/en\/product\/memoria-de-las-cenizas\/#primaryimage\"},\"image\":{\"@id\":\"https:\/\/intermediaproducciones.com\/en\/product\/memoria-de-las-cenizas\/#primaryimage\"},\"thumbnailUrl\":\"https:\/\/intermediaproducciones.com\/wp-content\/uploads\/2018\/08\/memoria_cenizas.png\",\"datePublished\":\"2018-08-09T16:05:25+00:00\",\"dateModified\":\"2022-02-10T11:38:16+00:00\",\"breadcrumb\":{\"@id\":\"https:\/\/intermediaproducciones.com\/en\/product\/memoria-de-las-cenizas\/#breadcrumb\"},\"inLanguage\":\"en-GB\",\"potentialAction\":[{\"@type\":\"ReadAction\",\"target\":[\"https:\/\/intermediaproducciones.com\/en\/product\/memoria-de-las-cenizas\/\"]}]},{\"@type\":\"ImageObject\",\"inLanguage\":\"en-GB\",\"@id\":\"https:\/\/intermediaproducciones.com\/en\/product\/memoria-de-las-cenizas\/#primaryimage\",\"url\":\"https:\/\/intermediaproducciones.com\/wp-content\/uploads\/2018\/08\/memoria_cenizas.png\",\"contentUrl\":\"https:\/\/intermediaproducciones.com\/wp-content\/uploads\/2018\/08\/memoria_cenizas.png\",\"width\":669,\"height\":942},{\"@type\":\"BreadcrumbList\",\"@id\":\"https:\/\/intermediaproducciones.com\/en\/product\/memoria-de-las-cenizas\/#breadcrumb\",\"itemListElement\":[{\"@type\":\"ListItem\",\"position\":1,\"name\":\"Portada\",\"item\":\"https:\/\/intermediaproducciones.com\/\"},{\"@type\":\"ListItem\",\"position\":2,\"name\":\"Tienda\",\"item\":\"https:\/\/intermediaproducciones.com\/en\/tienda\/\"},{\"@type\":\"ListItem\",\"position\":3,\"name\":\"Memoria de las Cenizas\"}]},{\"@type\":\"WebSite\",\"@id\":\"https:\/\/intermediaproducciones.com\/#website\",\"url\":\"https:\/\/intermediaproducciones.com\/\",\"name\":\"Intermedia Producciones\",\"description\":\"Miradas, Visiones y Realidades\",\"publisher\":{\"@id\":\"https:\/\/intermediaproducciones.com\/#organization\"},\"potentialAction\":[{\"@type\":\"SearchAction\",\"target\":{\"@type\":\"EntryPoint\",\"urlTemplate\":\"https:\/\/intermediaproducciones.com\/?s={search_term_string}\"},\"query-input\":{\"@type\":\"PropertyValueSpecification\",\"valueRequired\":true,\"valueName\":\"search_term_string\"}}],\"inLanguage\":\"en-GB\"},{\"@type\":\"Organization\",\"@id\":\"https:\/\/intermediaproducciones.com\/#organization\",\"name\":\"Intermedia Producciones\",\"url\":\"https:\/\/intermediaproducciones.com\/\",\"logo\":{\"@type\":\"ImageObject\",\"inLanguage\":\"en-GB\",\"@id\":\"https:\/\/intermediaproducciones.com\/#\/schema\/logo\/image\/\",\"url\":\"https:\/\/intermediaproducciones.com\/wp-content\/uploads\/2019\/02\/logo_intermedia.png\",\"contentUrl\":\"https:\/\/intermediaproducciones.com\/wp-content\/uploads\/2019\/02\/logo_intermedia.png\",\"width\":199,\"height\":216,\"caption\":\"Intermedia Producciones\"},\"image\":{\"@id\":\"https:\/\/intermediaproducciones.com\/#\/schema\/logo\/image\/\"},\"sameAs\":[\"https:\/\/www.facebook.com\/ProductoraIntermediaProducciones\",\"https:\/\/vimeo.com\/intermedia\",\"https:\/\/www.youtube.com\/user\/IntermediaProd\",\"https:\/\/www.instagram.com\/intermediaproducciones\/\",\"https:\/\/www.linkedin.com\/company\/intermedia-producciones\/\"]}]}<\/script>\n<!-- \/ Yoast SEO plugin. -->","yoast_head_json":{"title":"Memoria de las Cenizas - Intermedia Producciones","robots":{"index":"index","follow":"follow","max-snippet":"max-snippet:-1","max-image-preview":"max-image-preview:large","max-video-preview":"max-video-preview:-1"},"canonical":"https:\/\/intermediaproducciones.com\/en\/product\/memoria-de-las-cenizas\/","og_locale":"en_GB","og_type":"article","og_title":"Memoria de las Cenizas - Intermedia Producciones","og_description":"Documental HD. 60\u2032. 2012 Direcci\u00f3n:\u00a0Eduardo Montero Producci\u00f3n ejecutiva:\u00a0Mariano Agudo Gui\u00f3n:\u00a0\u00c1ngel del R\u00ed\u00ado y Eduardo Montero Sinopsis:\u00a0M\u00e1s de 1.500 andaluces fueron apresados en los campos de concentraci\u00f3n nazis durante los a\u00f1os de la II Guerra Mundial. Un millar dejaron sus vidas en aquellos recintos del horror, ideados para degradar la condici\u00f3n humana hasta las cotas m\u00e1s [&hellip;]","og_url":"https:\/\/intermediaproducciones.com\/en\/product\/memoria-de-las-cenizas\/","og_site_name":"Intermedia Producciones","article_publisher":"https:\/\/www.facebook.com\/ProductoraIntermediaProducciones","article_modified_time":"2022-02-10T11:38:16+00:00","og_image":[{"width":669,"height":942,"url":"https:\/\/intermediaproducciones.com\/wp-content\/uploads\/2018\/08\/memoria_cenizas.png","type":"image\/png"}],"twitter_card":"summary_large_image","twitter_misc":{"Estimated reading time":"1 minute"},"schema":{"@context":"https:\/\/schema.org","@graph":[{"@type":"WebPage","@id":"https:\/\/intermediaproducciones.com\/en\/product\/memoria-de-las-cenizas\/","url":"https:\/\/intermediaproducciones.com\/en\/product\/memoria-de-las-cenizas\/","name":"Memoria de las Cenizas - Intermedia Producciones","isPartOf":{"@id":"https:\/\/intermediaproducciones.com\/#website"},"primaryImageOfPage":{"@id":"https:\/\/intermediaproducciones.com\/en\/product\/memoria-de-las-cenizas\/#primaryimage"},"image":{"@id":"https:\/\/intermediaproducciones.com\/en\/product\/memoria-de-las-cenizas\/#primaryimage"},"thumbnailUrl":"https:\/\/intermediaproducciones.com\/wp-content\/uploads\/2018\/08\/memoria_cenizas.png","datePublished":"2018-08-09T16:05:25+00:00","dateModified":"2022-02-10T11:38:16+00:00","breadcrumb":{"@id":"https:\/\/intermediaproducciones.com\/en\/product\/memoria-de-las-cenizas\/#breadcrumb"},"inLanguage":"en-GB","potentialAction":[{"@type":"ReadAction","target":["https:\/\/intermediaproducciones.com\/en\/product\/memoria-de-las-cenizas\/"]}]},{"@type":"ImageObject","inLanguage":"en-GB","@id":"https:\/\/intermediaproducciones.com\/en\/product\/memoria-de-las-cenizas\/#primaryimage","url":"https:\/\/intermediaproducciones.com\/wp-content\/uploads\/2018\/08\/memoria_cenizas.png","contentUrl":"https:\/\/intermediaproducciones.com\/wp-content\/uploads\/2018\/08\/memoria_cenizas.png","width":669,"height":942},{"@type":"BreadcrumbList","@id":"https:\/\/intermediaproducciones.com\/en\/product\/memoria-de-las-cenizas\/#breadcrumb","itemListElement":[{"@type":"ListItem","position":1,"name":"Portada","item":"https:\/\/intermediaproducciones.com\/"},{"@type":"ListItem","position":2,"name":"Tienda","item":"https:\/\/intermediaproducciones.com\/en\/tienda\/"},{"@type":"ListItem","position":3,"name":"Memoria de las Cenizas"}]},{"@type":"WebSite","@id":"https:\/\/intermediaproducciones.com\/#website","url":"https:\/\/intermediaproducciones.com\/","name":"Intermedia Producciones","description":"Miradas, Visiones y Realidades","publisher":{"@id":"https:\/\/intermediaproducciones.com\/#organization"},"potentialAction":[{"@type":"SearchAction","target":{"@type":"EntryPoint","urlTemplate":"https:\/\/intermediaproducciones.com\/?s={search_term_string}"},"query-input":{"@type":"PropertyValueSpecification","valueRequired":true,"valueName":"search_term_string"}}],"inLanguage":"en-GB"},{"@type":"Organization","@id":"https:\/\/intermediaproducciones.com\/#organization","name":"Intermedia Producciones","url":"https:\/\/intermediaproducciones.com\/","logo":{"@type":"ImageObject","inLanguage":"en-GB","@id":"https:\/\/intermediaproducciones.com\/#\/schema\/logo\/image\/","url":"https:\/\/intermediaproducciones.com\/wp-content\/uploads\/2019\/02\/logo_intermedia.png","contentUrl":"https:\/\/intermediaproducciones.com\/wp-content\/uploads\/2019\/02\/logo_intermedia.png","width":199,"height":216,"caption":"Intermedia Producciones"},"image":{"@id":"https:\/\/intermediaproducciones.com\/#\/schema\/logo\/image\/"},"sameAs":["https:\/\/www.facebook.com\/ProductoraIntermediaProducciones","https:\/\/vimeo.com\/intermedia","https:\/\/www.youtube.com\/user\/IntermediaProd","https:\/\/www.instagram.com\/intermediaproducciones\/","https:\/\/www.linkedin.com\/company\/intermedia-producciones\/"]}]}},"_links":{"self":[{"href":"https:\/\/intermediaproducciones.com\/en\/wp-json\/wp\/v2\/product\/2502","targetHints":{"allow":["GET"]}}],"collection":[{"href":"https:\/\/intermediaproducciones.com\/en\/wp-json\/wp\/v2\/product"}],"about":[{"href":"https:\/\/intermediaproducciones.com\/en\/wp-json\/wp\/v2\/types\/product"}],"wp:featuredmedia":[{"embeddable":true,"href":"https:\/\/intermediaproducciones.com\/en\/wp-json\/wp\/v2\/media\/2503"}],"wp:attachment":[{"href":"https:\/\/intermediaproducciones.com\/en\/wp-json\/wp\/v2\/media?parent=2502"}],"wp:term":[{"taxonomy":"product_brand","embeddable":true,"href":"https:\/\/intermediaproducciones.com\/en\/wp-json\/wp\/v2\/product_brand?post=2502"},{"taxonomy":"product_cat","embeddable":true,"href":"https:\/\/intermediaproducciones.com\/en\/wp-json\/wp\/v2\/product_cat?post=2502"},{"taxonomy":"product_tag","embeddable":true,"href":"https:\/\/intermediaproducciones.com\/en\/wp-json\/wp\/v2\/product_tag?post=2502"}],"curies":[{"name":"wp","href":"https:\/\/api.w.org\/{rel}","templated":true}]}}

<p>Documental<br />
HD. 60′. 2012</p>
<p><strong>Director:</strong> Eduardo Montero<br />
<strong>Executive production:</strong> Mariano Agudo<br />
<strong>Script:</strong> Ángel del Rí­o y Eduardo Montero</p>
<div style="padding: 56.25% 0 0 0; position: relative;"><iframe style="position: absolute; top: 0; left: 0; width: 100%; height: 100%;" src="https://player.vimeo.com/video/16551029" frameborder="0" allowfullscreen="allowfullscreen"></iframe></div>
<p><script src="https://player.vimeo.com/api/player.js"></script></p>
<p><strong>Synopsis:</strong> Más de 1.500 andaluces fueron apresados en los campos de concentración nazis durante los años de la II Guerra Mundial. Un millar dejaron sus vidas en aquellos recintos del horror, ideados para degradar la condición humana hasta las cotas más inimaginables. Los supervivientes hicieron un juramento: dedicar sus vidas a recordar y honrar la memoria de los millones de seres humanos asesinados en estos campos.Documentary<br />
HD. 60′. 2012</p>
<p><strong>Directed by:</strong> Eduardo Montero<br />
<strong>Executive producer:</strong> Mariano Agudo<br />
<strong>Script:</strong> Ángel del Rí­o y Eduardo Montero</p>
<p><iframe loading="lazy" src="https://player.vimeo.com/video/16551029" width="100%" height="300" frameborder="0" allowfullscreen="allowfullscreen"></iframe></p>
<p><strong>Synopsis:</strong> More than 1.500 andalusians were captured in Nazi’s prisons camp during the years of World War II. A thousand lost their lives in those halls of horror, designed to degrade the human condition to the most unimaginable levels. Survivors swore they will devote their lives to remember and honor the memory of the millions of human beings killed in these camps.</p>

<p>Documental HD. 60′. 2012 Dirección: Eduardo Montero Producción ejecutiva: Mariano Agudo Guión: Ángel del Rí­o y Eduardo Montero Sinopsis: Más de 1.500 andaluces fueron apresados en los campos de concentración nazis durante los años de la II Guerra Mundial. Un millar dejaron sus vidas en aquellos recintos del horror, ideados para degradar la condición humana hasta las cotas más [&hellip;]</p>

<!-- This site is optimized with the Yoast SEO plugin v25.3.1 - https://yoast.com/wordpress/plugins/seo/ -->
<title>Memoria de las Cenizas - Intermedia Producciones</title>
<meta name="robots" content="index, follow, max-snippet:-1, max-image-preview:large, max-video-preview:-1" />
<link rel="canonical" href="https://intermediaproducciones.com/en/product/memoria-de-las-cenizas/" />
<meta property="og:locale" content="en_GB" />
<meta property="og:type" content="article" />
<meta property="og:title" content="Memoria de las Cenizas - Intermedia Producciones" />
<meta property="og:description" content="Documental HD. 60′. 2012 Dirección: Eduardo Montero Producción ejecutiva: Mariano Agudo Guión: Ángel del Rí­o y Eduardo Montero Sinopsis: Más de 1.500 andaluces fueron apresados en los campos de concentración nazis durante los años de la II Guerra Mundial. Un millar dejaron sus vidas en aquellos recintos del horror, ideados para degradar la condición humana hasta las cotas más [&hellip;]" />
<meta property="og:url" content="https://intermediaproducciones.com/en/product/memoria-de-las-cenizas/" />
<meta property="og:site_name" content="Intermedia Producciones" />
<meta property="article:publisher" content="https://www.facebook.com/ProductoraIntermediaProducciones" />
<meta property="article:modified_time" content="2022-02-10T11:38:16+00:00" />
<meta property="og:image" content="https://intermediaproducciones.com/wp-content/uploads/2018/08/memoria_cenizas.png" />
	<meta property="og:image:width" content="669" />
	<meta property="og:image:height" content="942" />
	<meta property="og:image:type" content="image/png" />
<meta name="twitter:card" content="summary_large_image" />
<meta name="twitter:label1" content="Estimated reading time" />
	<meta name="twitter:data1" content="1 minute" />
<script type="application/ld+json" class="yoast-schema-graph">{"@context":"https://schema.org","@graph":[{"@type":"WebPage","@id":"https://intermediaproducciones.com/en/product/memoria-de-las-cenizas/","url":"https://intermediaproducciones.com/en/product/memoria-de-las-cenizas/","name":"Memoria de las Cenizas - Intermedia Producciones","isPartOf":{"@id":"https://intermediaproducciones.com/#website"},"primaryImageOfPage":{"@id":"https://intermediaproducciones.com/en/product/memoria-de-las-cenizas/#primaryimage"},"image":{"@id":"https://intermediaproducciones.com/en/product/memoria-de-las-cenizas/#primaryimage"},"thumbnailUrl":"https://intermediaproducciones.com/wp-content/uploads/2018/08/memoria_cenizas.png","datePublished":"2018-08-09T16:05:25+00:00","dateModified":"2022-02-10T11:38:16+00:00","breadcrumb":{"@id":"https://intermediaproducciones.com/en/product/memoria-de-las-cenizas/#breadcrumb"},"inLanguage":"en-GB","potentialAction":[{"@type":"ReadAction","target":["https://intermediaproducciones.com/en/product/memoria-de-las-cenizas/"]}]},{"@type":"ImageObject","inLanguage":"en-GB","@id":"https://intermediaproducciones.com/en/product/memoria-de-las-cenizas/#primaryimage","url":"https://intermediaproducciones.com/wp-content/uploads/2018/08/memoria_cenizas.png","contentUrl":"https://intermediaproducciones.com/wp-content/uploads/2018/08/memoria_cenizas.png","width":669,"height":942},{"@type":"BreadcrumbList","@id":"https://intermediaproducciones.com/en/product/memoria-de-las-cenizas/#breadcrumb","itemListElement":[{"@type":"ListItem","position":1,"name":"Portada","item":"https://intermediaproducciones.com/"},{"@type":"ListItem","position":2,"name":"Tienda","item":"https://intermediaproducciones.com/en/tienda/"},{"@type":"ListItem","position":3,"name":"Memoria de las Cenizas"}]},{"@type":"WebSite","@id":"https://intermediaproducciones.com/#website","url":"https://intermediaproducciones.com/","name":"Intermedia Producciones","description":"Miradas, Visiones y Realidades","publisher":{"@id":"https://intermediaproducciones.com/#organization"},"potentialAction":[{"@type":"SearchAction","target":{"@type":"EntryPoint","urlTemplate":"https://intermediaproducciones.com/?s={search_term_string}"},"query-input":{"@type":"PropertyValueSpecification","valueRequired":true,"valueName":"search_term_string"}}],"inLanguage":"en-GB"},{"@type":"Organization","@id":"https://intermediaproducciones.com/#organization","name":"Intermedia Producciones","url":"https://intermediaproducciones.com/","logo":{"@type":"ImageObject","inLanguage":"en-GB","@id":"https://intermediaproducciones.com/#/schema/logo/image/","url":"https://intermediaproducciones.com/wp-content/uploads/2019/02/logo_intermedia.png","contentUrl":"https://intermediaproducciones.com/wp-content/uploads/2019/02/logo_intermedia.png","width":199,"height":216,"caption":"Intermedia Producciones"},"image":{"@id":"https://intermediaproducciones.com/#/schema/logo/image/"},"sameAs":["https://www.facebook.com/ProductoraIntermediaProducciones","https://vimeo.com/intermedia","https://www.youtube.com/user/IntermediaProd","https://www.instagram.com/intermediaproducciones/","https://www.linkedin.com/company/intermedia-producciones/"]}]}</script>
<!-- / Yoast SEO plugin. -->

Documental HD. 60′. 2012 Dirección: Eduardo Montero Producción ejecutiva: Mariano Agudo Guión: Ángel del Rí­o y Eduardo Montero Sinopsis: Más de 1.500 andaluces fueron apresados en los campos de concentración nazis durante los años de la II Guerra Mundial. Un millar dejaron sus vidas en aquellos recintos del horror, ideados para degradar la condición humana hasta las cotas más [&hellip;]
